011133
1246355 (base 7) to base 15
334e2
-1000030113 (base 4) to base 14
-6bb71
Convert -253026 (base 9) to base 3.
-21210000220
Convert -2b975b (base 16) to base 5.
-1212404140
Convert 9669 (base 15) to base 8.
76120
Convert -110110011012 (base 3) to base 5.
-30320212
36479a7 (base 11) to base 3
102221121200000
81518 (base 10) to base 5
10102033
Convert -17f0f (base 16) to base 11.
-67749
What is 44044100 (base 6) in base 13?
36c4cb
Convert 101233110 (base 4) to base 16.
11bd4
What is 126046 (base 9) in base 11?
525a5
-122112 (base 7) to base 6
-251253
-15a7ac (base 15) to base 10
-1047987
-1bc33 (base 14) to base 6
-1304405
Convert -c4aeb (base 15) to base 3.
-1011200020112
What is 14257743 (base 8) in base 12?
11006ab
What is 11134540 (base 6) in base 14?
8b936
Convert -10000011000000001000100 (base 2) to base 3.
-22002002110000
Convert -2507ed (base 15) to base 6.
-102003241
What is 612341 (base 9) in base 11?
228470
What is -2013301220 (base 4) in base 12?
-229a08
-10243414 (base 5) to base 9
-142745
What is 21a (base 16) in base 9?
657
Convert 1150297 (base 10) to base 14.
21d2c1
What is 5213534 (base 7) in base 12?
26201b
Convert -278527 (base 10) to base 5.
-32403102
Convert -3495270 (base 10) to base 12.
-1206886
What is 30132000113 (base 4) in base 13?
8a5a02
What is -112013101323 (base 4) in base 9?
-11814866
Convert ced23 (base 15) to base 2.
10100000100100101100
-102433033 (base 5) to base 4
-1222212203
-101121202010 (base 3) to base 6
-4251433
What is 1065a6 (base 11) in base 6?
3345530
-15ed9d (base 16) to base 13
-3b4160
What is 100210211110 (base 3) in base 9?
323743
Convert -44874 (base 12) to base 14.
-252ac
Convert -1320131210 (base 4) to base 13.
-14377a
Convert -1840541 (base 10) to base 6.
-103241005
-161423 (base 14) to base 7
-6363243
What is 32644604 (base 8) in base 10?
7031172
Convert -100001100110100100 (base 2) to base 9.
-228718
10332223122 (base 4) to base 13
369192
4d325 (base 14) to base 9
318513
Convert -1100011100110001010001 (base 2) to base 12.
-1114781
14d656 (base 14) to base 15
e5c5c
1000011000111100 (base 2) to base 12
17a78
Convert -310a (base 16) to base 15.
-3abe
-2303011303 (base 4) to base 10
-733555
Convert -30697b (base 13) to base 11.
-700aa7
Convert -111010110100110 (base 2) to base 4.
-13112212
What is -13c73 (base 15) in base 14?
-1923c
Convert -101000100100000100 (base 2) to base 9.
-272818
40250620 (base 7) to base 6
155331231
Convert 877748 (base 9) to base 2.
1111111111100000001
Convert b08a2 (base 12) to base 5.
24314440
What is -120010101220011 (base 3) in base 8?
-36524316
What is 15753 (base 10) in base 2?
11110110001001
2321131130 (base 4) to base 10
759644
What is -17a732 (base 12) in base 14?
-aa38a
-42285 (base 13) to base 7
-1004121
What is 306256 (base 8) in base 2?
11000110010101110
What is -20c647 (base 15) in base 16?
-17d05b
Convert 9a100 (base 13) to base 10.
279188
Convert 13972b7 (base 13) to base 16.
5ecfe4
-1110000000110101111 (base 2) to base 16
-701af
What is a6c95 (base 13) in base 10?
300942
What is 54100125 (base 6) in base 16?
185315
Convert 31525242 (base 7) to base 10.
2678958
What is 962fc (base 16) in base 4?
2112023330
Convert 1225224 (base 8) to base 9.
565400
Convert -4334443223 (base 5) to base 10.
-9296688
-2b51a (base 16) to base 15
-3788e
Convert -2871503 (base 9) to base 6.
-53525350
Convert -325327 (base 13) to base 6.
-41202354
What is -12d5d (base 15) in base 11?
-41409
What is 11021122122 (base 3) in base 6?
1450155
Convert -23323110 (base 4) to base 15.
-e71c
-1002432305 (base 6) to base 7
-152516456
What is -20102202112 (base 3) in base 9?
-212675
What is 132131320 (base 4) in base 12?
60274
Convert 205512 (base 15) to base 5.
343134032
-5aa4c (base 13) to base 9
-273382
Convert -111101110101000100001 (base 2) to base 5.
-1004313032
Convert 32317415 (base 8) to base 13.
1584874
1110001001011000011100 (base 2) to base 5
1422132234
-2993 (base 10) to base 3
-11002212
Convert 2520605 (base 9) to base 4.
11032321130
Convert -1533241035 (base 6) to base 16.
-129302f
What is 1801112 (base 12) in base 4?
102333131132
Convert -1200100220221 (base 3) to base 13.
-2535ac
Convert 44754 (base 10) to base 16.
aed2
Convert 9580a (base 13) to base 3.
111200112122
1221110122012 (base 3) to base 10
1032728
Convert 123115 (base 9) to base 13.
27b72
Convert 23631515 (base 7) to base 11.
1210310
Convert -213a0bb (base 12) to base 15.
-846bdb
What is -1491324 (base 11) in base 3?
-11210111220211
What is 2035410 (base 6) in base 9?
160016
3379173 (base 11) to base 9
12111377
What is 244ab4 (base 12) in base 7?
5002324
Convert -a0d15 (base 15) to base 5.
-112243240
What is -14424004 (base 6) in base 2?
-1111010010110000100
-1012211110021 (base 3) to base 5
-131134400
What is 40152321 (base 7) in base 8?
14533670
What is -869185 (base 10) in base 4?
-3110031001
Convert -4630cd (base 14) to base 16.
-2478bd
-1228e1 (base 15) to base 7
-10250440
4af22 (base 16) to base 12
129796
What is 1242237 (base 8) in base 7?
2635360
Convert -20220012211 (base 3) to base 11.
-92aa0
What is -292029 (base 12) in base 2?
-10100111111010100001
Convert -302385 (base 10) to base 14.
-7c2ad
Convert 359778 (base 10) to base 8.
1276542
Convert -1161002 (base 8) to base 6.
-10505254
Convert -80963 (base 11) to base 14.
-31170
-140217 (base 10) to base 14
-39157
Convert 110540214 (base 7) to base 9.
13514086
What is -1531004 (base 6) in base 12?
-43a64
Convert 124839 (base 10) to base 8.
363647
-31152322 (base 7) to base 11
-1528995
Convert 1131204 (base 6) to base 13.
208a8
What is 1b262b (base 12) in base 8?
1654003
Convert -16601762 (base 8) to base 16.
-3b03f2
What is -260132 (base 7) in base 16?
-bbdc
Convert -5d6c5 (base 16) to base 5.
-44221121
Convert 1476a (base 12) to base 2.
111000001000010
321212212 (base 4) to base 7
2001610
Convert -53a980 (base 12) to base 11.
-825582
What is -1012122020132 (base 4) in base 14?
-26464d8
Convert 12b729 (base 15) to base 7.
10434024
11110000010011100111111 (base 2) to base 3
112211001121020
Convert 1040 (base 14) to base 11.
2116
3203011223 (base 4) to base 12
38a34b
What is -111214443 (base 5) in base 2?
-1111000000101100001
Convert -83219 (base 10) to base 6.
-1441135
Convert -10113223010 (base 5) to base 16.
-9cffea
-703925 (base 10) to base 14
-144765
1a72 (base 16) to base 15
2015
What is 1233010144 (base 5) in base 3?
12200020120210
What is -416799 (base 11) in base 7?
-5450620
Convert -100111011110101011011010 (base 2) to base 16.
-9deada
Convert -299604 (base 10) to base 2.
-1001001001001010100
What is -2a874a (base 13) in base 9?
-1865212
What is -96fda6 (base 16) in base 6?
-552031422
212011121012020 (base 3) to base 13
2721a02
46c02 (base 14) to base 11
108652
Convert 147a665 (base 12) to base 4.
33303320231
-1210212010 (base 3) to base 8
-105440
-100100101000011011011101 (base 2) to base 15
-c9a406
What is 3213302324 (base 5) in base 8?
31661053
What is 2986350 (base 10) in base 9?
5551446
2447 (base 10) to base 14
c6b
What is 50300a (base 16) in base 8?
24030012
Convert 223250303 (base 6) to base 13.
acb828
What is -11100010222 (base 3) in base 8?
-246630
-1010120222 (base 4) to base 8
-1043052
What is 1002013101 (base 4) in base 3?
111202110200
What is -24432250 (base 6) in base 3?
-1110201201210
-2002 (base 8) to base 16
-402
-3d52 (base 15) to base 7
-53162
Convert -1055543423 (base 6) to base 4.
-230312000013
Convert 10626b (base 12) to base 5.
31301241
Convert 1229223 (base 11) to base 12.
86b787
-24520231 (base 7) to base 2
-1000011010101110101111
What is -210545 (base 6) in base 5?
-1021212
344123000 (base 5) to base 12
629b21
-2435001 (base 6) to base 9
-216431
Convert 5792271 (base 11) to base 14.
14b602d
Convert 4868718 (base 10) to base 15.
6628b3
Convert -20030100 (base 5) to base 8.
-464706
Convert 46213555 (base 8) to base 6.
555013033
What is -122111221 (base 4) in base 13?
-3a147
Convert -254027 (base 10) to base 8.
-760113
Convert -8815358 (base 9) to base 14.
-8b3530
2446263 (base 7) to base 2
1001100101111011011
What is 1241210410 (base 5) in base 12?
10403a0
What is -21102100212 (base 3) in base 10?
-146066
661732 (base 9) to base 8
1403351
-367cc (base 15) to base 5
-21031032
What is 150096 (base 10) in base 